5395460251?
0
What is the tens digit of 257441770?
7
What is the thousands digit of 2721928085?
8
What is the ten millions digit of 52847047?
5
What is the thousands digit of 8091453?
1
What is the hundred millions digit of 250608791?
2
What is the thousands digit of 18572812?
2
What is the thousands digit of 20423719?
3
What is the units digit of 17338057?
7
What is the hundreds digit of 1725430027?
0
What is the ten thousands digit of 108913046?
1
What is the units digit of 457033473?
3
What is the millions digit of 156444589?
6
What is the hundred thousands digit of 440811424?
8
What is the ten thousands digit of 360857651?
5
What is the ten thousands digit of 128711515?
1
What is the millions digit of 569991187?
9
What is the ten thousands digit of 429878726?
7
What is the units digit of 77386274?
4
What is the units digit of 85355673?
3
What is the ten thousands digit of 37734308?
3
What is the tens digit of 158945907?
0
What is the thousands digit of 1085468707?
8
What is the tens digit of 440740376?
7
What is the hundreds digit of 157043678?
6
What is the units digit of 638941882?
2
What is the thousands digit of 353132844?
2
What is the hundreds digit of 89937421?
4
What is the tens digit of 714325414?
1
What is the units digit of 112548125?
5
What is the ten millions digit of 271252418?
7
What is the units digit of 61319070?
0
What is the ten thousands digit of 543933634?
3
What is the ten millions digit of 111297375?
1
What is the ten thousands digit of 2296517?
9
What is the thousands digit of 12837289?
7
What is the ten millions digit of 43797938?
4
What is the tens digit of 180155969?
6
What is the hundreds digit of 2213819358?
3
What is the units digit of 498710871?
1
What is the hundreds digit of 181772371?
3
What is the hundreds digit of 8039432?
4
What is the hundred millions digit of 893677283?
8
What is the ten thousands digit of 111741929?
4
What is the hundred millions digit of 2002427569?
0
What is the hundreds digit of 43027803?
8
What is the ten millions digit of 151365086?
5
What is the tens digit of 132425722?
2
What is the hundred thousands digit of 331516882?
5
What is the units digit of 86395780?
0
What is the ten millions digit of 2166533952?
6
What is the ten millions digit of 996003906?
9
What is the millions digit of 155797545?
5
What is the hundred thousands digit of 811527091?
5
What is the units digit of 1060774352?
2
What is the hundreds digit of 5659888063?
0
What is the ten millions digit of 33022361?
3
What is the thousands digit of 3358665692?
5
What is the millions digit of 64223715?
4
What is the tens digit of 584156861?
6
What is the tens digit of 66840556?
5
What is the ten millions digit of 724859044?
2
What is the hundred thousands digit of 18082452?
0
What is the tens digit of 115530537?
3
What is the hundred thousands digit of 473335091?
3
What is the tens digit of 3972198563?
6
What is the hundred millions digit of 846598940?
8
What is the tens digit of 1270261220?
2
What is the ten thousands digit of 1679849193?
4
What is the hundreds digit of 198160189?
1
What is the hundreds digit of 134470929?
9
What is the hundreds digit of 20341194?
1
What is the ten thousands digit of 1061699?
6
What is the tens digit of 40924570?
7
What is the hundred millions digit of 4218065427?
2
What is the hundreds digit of 1144935605?
6
What is the ten thousands digit of 1079354805?
5
What is the thousands digit of 326243493?
3
What is the units digit of 230437314?
4
What is the ten millions digit of 18215619?
1
What is the thousands digit of 152105160?
5
What is the hundreds digit of 1389269147?
1
What is the thousands digit of 49649042?
9
What is the units digit of 456421463?
3
What is the hundreds digit of 150801752?
7
What is the hundred thousands digit of 949835291?
8
What is the units digit of 6895037?
7
What is the tens digit of 4705492745?
4
What is the millions digit of 1958014194?
8
What is the hundred millions digit of 430847671?
4
What is the ten thousands digit of 44379134?
7
What is the tens digit of 174624555?
5
What is the millions digit of 193713933?
3
What is the ten thousands digit of 447556446?
5
What is the hundred thousands digit of 66788507?
7
What is the ten thousands digit of 18448488?
4
What is the tens digit of 45474611?
1
What is the thousands digit of 75216494?
6
What is the hundred millions digit of 1259497937?
2
What is the ten millions digit of 307783373?
0
What is the hundred millions digit of 284896621?
2
What is the millions digit of 309995632?
9
What is the units digit of 2548101506?
6
What is the hundreds digit of 303892473?
4
What is the billions digit of 3602601524?
3
What is the millions digit of 120047687?
0
What is the hundreds digit of 473616718?
7
What is the ten thousands digit of 86978598?
7
What is the millions digit of 762954210?
2
What is the ten thousands digit of 11694008?
9
What is the millions digit of 98672898?
8
What is the tens digit of 44509801?
0
What is the hundred millions digit of 324173977?
3
What is the hundred millions digit of 184677942?
1
What is the tens digit of 2222771693?
9
What is the millions digit of 114135039?
4
What is the hundred thousands digit of 48620644?
6
What is the ten thousands digit of 30322211?
2
What is the hundred millions digit of 1361025009?
3
What is the tens digit of 45177236?
3
What is the ten thousands digit of 38524680?
2
What is the billions digit of 1448142336?
1
What is the units digit of 3220513167?
7
What is the ten thousands digit of 2563787136?
8
What is the millions digit of 70253131?
0
What is the units digit of 35757011?
1
What is the tens digit of 57690101?
0
What is the hundreds digit of 342052279?
2
What is the billions digit of 2188582221?
2
What is the hundred thousands digit of 329172509?
1
What is the ten thousands digit of 151191807?
9
What is the tens digit of 271512686?
8
What is the ten millions digit of 775213139?
7
What is the ten thousands digit of 52298838?
9
What is the ten millions digit of 74497306?
7
What is the ten thousands digit of 508045765?
4
What is the units digit of 1402704208?
8
What is the billions digit of 2327706070?
2
What is the ten thousands digit of 206333967?
3
What is the ten millions digit of 1372587646?
7
What is the units digit of 1661530?
0
What is the hundreds digit of 536641152?
1
What is the hundreds digit of 187408394?
3
What is the billions digit of 2931797751?
2
What is the ten thousands digit of 1136359795?
5
What is the tens digit of 70979699?
9
What is the millions digit of 1029635416?
9
What is the thousands digit of 205399896?
9
What is the hundred thousands digit of 497167760?
1
What is the hundreds digit of 25060891?
8
What is the hundred millions digit of 485216479?
4
What is the units digit of 29651065?
5
What is the hundred thousands digit of 41588348?
5
What is the hundreds digit of 2553242443?
4
What is the ten millions digit of 119511243?
1
What is the hundreds digit of 974813?
8
What is the tens digit of 1221061337?
3
What is the hundred thousands digit of 47673780?
6
What is the hundreds digit of 2205350665?
6
What is the hundred thousands digit of 182639648?
6
What is the ten millions digit of 19349592?
1
What is the ten millions digit of 347287270?
4
What is the hundred millions digit of 2667011085?
6
What is the hundreds digit of 209865597?
5
What is the hundred millions digit of 884507523?
8
What is the tens digit of 204105700?
0
What is the units digit of 1423027942?
2
What is the ten thousands digit of 568427263?
2
What is the ten millions digit of 369367995?
6
What is the units digit of 168450193?
3
What is the thousands digit of 253554027?
4
What is the hundreds digit of 53090284?
2
What is the tens digit of 163449812?
1
What is the billions digit of 1490069271?
1
What is the tens digit of 51959397?
9
What is the ten thousands digit of 34714017?
1
What is the billions digit of 5819626625?
5
What is the hundreds digit of 36435722?
7
What is the millions digit of 2414227047?
4
What is the hundreds digit of 483690252?
2
What is the millions digit of 1542005391?
2
What is the ten thousands digit of 1426656755?
5
What is the hundred thousands digit of 10812465?
8
What is the thousands digit of 3451057241?
7
What is the ten thousands digit of 